{"id":2,"date":"2007-11-01T15:20:45","date_gmt":"2007-11-01T14:20:45","guid":{"rendered":""},"modified":"2018-07-30T08:20:25","modified_gmt":"2018-07-30T07:20:25","slug":"nereudde","status":"publish","type":"page","link":"http:\/\/www.nereud.de\/?page_id=2","title":{"rendered":"nereud.de?"},"content":{"rendered":"<p>saw nut eis, nnew eis enreg enie niamodtenretni tim merhi neman nett\u00e4h &#8211; tsi r\u00fcf sliam rhes hcsitkarp -, eis reba ned neman renie tdats negart dnu rehad ein eid thcissua thetseb, ssad eis eseid niamod nemmokeb nedrew? ko, eis nenn\u00f6k enie niamod tim menie ztasuz redo mehcilnh\u00e4 nelletsre, reba dnis eid nnad thcin remmi uz gnal? rew llos hcis das nekrem, egiewhcseg nned, asd slamej ni nenie resworbtenretni nebegnie?<\/p>\n<p>hcan megnal negelreb\u00fc mak snu eid ednedn\u00fcz eedi:<\/p>\n<p>ad red eman &#8222;nre\u00fcd&#8220; nebegrev raw, enn\u00f6k nam eid niamod hcod ni tfirhcsstr\u00e4wkc\u00fcr nelletsre. theis hcua sla esserdaliam hcon tug sua dnu nam nnak eis hcis thcer hcafnie nekrem.<\/p>\n<p>znag githciw! eid eedi tim red tfirhcsstr\u00e4wkc\u00fcr tsi reih hcilkriw run lsa gag uz nehetsrev. riw nebah dnu nettah ni reniek tra dnu esiew rov, es\u00f6igiler elh\u00fcfeg uz neztelrev. hcnam renie llos ieb tfirhcsstr\u00e4wkc\u00fcr aj hcildnifpme nies.<\/p>\n<p align=\"center\"><strong>\u2014XXX\u2014<\/strong><\/p>\n<p>Was tun Sie, wenn Sie gerne eine Internetdomain mit Ihrem Namen h\u00e4tten &#8211; ist f\u00fcr Mails sehr praktisch -, Sie aber den Namen einer Stadt tragen und daher nie die Aussicht besteht, dass Sie diese Domain bekommen werden? OK, Sie k\u00f6nnen eine Domain mit einem Zusatz oder \u00c4hnlichem erstellen, aber sind die dann nicht immer zu lang? Wer soll sich das merken, geschweige denn das jemals in einen Internetbrowser eingeben?<\/p>\n<p>Nach langem \u00dcberlegen kam uns die z\u00fcndende Idee:<\/p>\n<p>Da der Name &#8222;D\u00fcren&#8220; vergeben war, k\u00f6nne man die Domain doch in R\u00fcckw\u00e4rtsschrift erstellen. Sieht auch als Mailadresse noch gut aus und man kann sie sich recht einfach merken.<\/p>\n<p>Ganz wichtig! Die Idee mit der R\u00fcckw\u00e4rtsschrift ist hier wirklich nur als Gag zu verstehen. Wir haben und hatten in keiner Art und Weise vor, religi\u00f6se Gef\u00fchle zu verletzen. Manch einer soll bei R\u00fcckw\u00e4rtsschrift ja empfindlich sein.<\/p>\n<p>&nbsp;<\/p>\n<p>&nbsp;<\/p>\n<h2>Copyright<\/h2>\n<p>Alle Fotos auf dieser Seite wurden selbst erstellt (sofern nicht in Ausnahmef\u00e4llen anders erl\u00e4utert). Jegliche Verwendung der Fotos ist nur mit ausdr\u00fccklicher Genehmigung durch uns zul\u00e4ssig.<\/p>\n<h2>Wichtig<\/h2>\n<p>Mit dem Urteil vom 12. Mai 1998 hat das Landgericht Hamburg entschieden, dass man durch die Anbringung eines Links die Inhalte der gelinkten Seiten ggf. mit zu verantworten hat. Dies kann nur dadurch verhindert werden, dass man sich ausdr\u00fccklich von diesem Inhalt distanziert. F\u00fcr alle Links auf dieser Homepage gilt: Wir distanzieren uns hiermit ausdr\u00fccklich von allen Inhalten aller gelinkten Seiten auf unserer Homepage und machen uns diese Inhalte nicht zu Eigen.<\/p>\n<h2>Impressum<\/h2>\n<p>Verantwortlich f\u00fcr nereud.de:<br \/>\nThomas D\u00fcren<br \/>\nHinter den H\u00f6fen 69<br \/>\n38228 Salzgitter<br \/>\nMail: dueren at nereud.de<br \/>\nFon: +49 5341 2239479<br \/>\nAlle Urheberrechte liegen beim Verfasser.<\/p>\n<h2>&nbsp;<\/h2>\n<h2>Datenschutz<\/h2>\n<p>Die Adresse unserer Website ist: http:\/\/www.nereud.de.<\/p>\n<h3>Welche personenbezogenen Daten wir sammeln und warum wir sie sammeln<\/h3>\n<h3>&nbsp;<\/h3>\n<h4>Kommentare<\/h4>\n<p>Wenn Besucher Kommentare auf der Website schreiben, sammeln wir die Daten, die im Kommentarformular angezeigt werden, au\u00dferdem die IP-Adresse des Besuchers und den User-Agent-String (damit wird der Browser identifiziert), um die Erkennung von Spam zu unterst\u00fctzen.<\/p>\n<p>Aus deiner E-Mail-Adresse kann eine anonymisierte Zeichenfolge erstellt (auch Hash genannt) und dem Gravatar-Dienst \u00fcbergeben werden, um zu pr\u00fcfen, ob du diesen benutzt. Die Datenschutzerkl\u00e4rung des Gravatardienstes findest du hier: https:\/\/automattic.com\/privacy\/. Nachdem dein Kommentar freigegeben wurde, ist dein Profilbild \u00f6ffentlich im Kontext deines Kommentars sichtbar.<\/p>\n<h4>Medien<\/h4>\n<p>Wenn du ein registrierter Benutzer bist und Fotos auf diese Website l\u00e4dst, solltest du vermeiden, Fotos mit einem EXIF-GPS-Standort hochzuladen. Besucher dieser Website k\u00f6nnten Fotos, die auf dieser Website gespeichert sind, herunterladen und deren Standortinformationen extrahieren.<\/p>\n<h4>Cookies<\/h4>\n<p>Wenn du einen Kommentar auf unserer Website schreibst, kann das eine Einwilligung sein, deinen Namen, E-Mail-Adresse und Website in Cookies zu speichern. Dies ist eine Komfortfunktion, damit du nicht, wenn du einen weiteren Kommentar schreibst, all diese Daten erneut eingeben musst. Diese Cookies werden ein Jahr lang gespeichert.<\/p>\n<p>Falls du ein Konto hast und dich auf dieser Website anmeldest, werden wir ein tempor\u00e4res Cookie setzen, um festzustellen, ob dein Browser Cookies akzeptiert. Dieses Cookie enth\u00e4lt keine personenbezogenen Daten und wird verworfen, wenn du deinen Browser schlie\u00dft.<\/p>\n<p>Wenn du dich anmeldest, werden wir einige Cookies einrichten, um deine Anmeldeinformationen und Anzeigeoptionen zu speichern. Anmeldecookies verfallen nach zwei Tagen und Cookies f\u00fcr die Anzeigeoptionen nach einem Jahr. Falls du bei der Anmeldung \u201eAngemeldet bleiben\u201c ausw\u00e4hlst, wird deine Anmeldung zwei Wochen lang aufrechterhalten. Mit der Abmeldung aus deinem Konto werden die Anmelde-Cookies gel\u00f6scht.<\/p>\n<p>Wenn du einen Artikel bearbeitest oder ver\u00f6ffentlichst, wird ein zus\u00e4tzlicher Cookie in deinem Browser gespeichert. Dieser Cookie enth\u00e4lt keine personenbezogenen Daten und verweist nur auf die Beitrags-ID des Artikels, den du gerade bearbeitet hast. Der Cookie verf\u00e4llt nach einem Tag.<\/p>\n<h4>Eingebettete Inhalte von anderen Websites<\/h4>\n<p>Beitr\u00e4ge auf dieser Website k\u00f6nnen eingebettete Inhalte beinhalten (z.&nbsp;B. Videos, Bilder, Beitr\u00e4ge etc.). Eingebettete Inhalte von anderen Websites verhalten sich exakt so, als ob der Besucher die andere Website besucht h\u00e4tte.<\/p>\n<p>Diese Websites k\u00f6nnen Daten \u00fcber dich sammeln, Cookies benutzen, zus\u00e4tzliche Tracking-Dienste von Dritten einbetten und deine Interaktion mit diesem eingebetteten Inhalt aufzeichnen, inklusive deiner Interaktion mit dem eingebetteten Inhalt, falls du ein Konto hast und auf dieser Website angemeldet bist.<\/p>\n<h3>Mit wem wir deine Daten teilen und&nbsp;wie lange wir deine Daten speichern<\/h3>\n<p>Wenn du einen Kommentar schreibst, wird dieser inklusive Metadaten zeitlich unbegrenzt gespeichert. Auf diese Art k\u00f6nnen wir Folgekommentare automatisch erkennen und freigeben, anstelle sie in einer Moderationswarteschlange festzuhalten.<\/p>\n<p>F\u00fcr Benutzer, die sich auf unserer Website registrieren, speichern wir zus\u00e4tzlich die pers\u00f6nlichen Informationen, die sie in ihren Benutzerprofilen angeben. Alle Benutzer k\u00f6nnen jederzeit ihre pers\u00f6nlichen Informationen einsehen, ver\u00e4ndern oder l\u00f6schen (der Benutzername kann nicht ver\u00e4ndert werden). Administratoren der Website k\u00f6nnen diese Informationen ebenfalls einsehen und ver\u00e4ndern.<\/p>\n<h4>Welche Rechte du an deinen Daten hast<\/h4>\n<p>Wenn du ein Konto auf dieser Website besitzt oder Kommentare geschrieben hast, kannst du einen Export deiner personenbezogenen Daten bei uns anfordern, inklusive aller Daten, die du uns mitgeteilt hast. Dar\u00fcber hinaus kannst du die L\u00f6schung aller personenbezogenen Daten, die wir von dir gespeichert haben, anfordern. Dies umfasst nicht die Daten, die wir aufgrund administrativer, rechtlicher oder sicherheitsrelevanter Notwendigkeiten aufbewahren m\u00fcssen.<\/p>\n<h4>Wohin wir deine Daten senden<\/h4>\n<p>Besucherkommentare k\u00f6nnten von einem automatisierten Dienst zur Spamerkennung untersucht werden,<\/p>\n","protected":false},"excerpt":{"rendered":"<p>saw nut eis, nnew eis enreg enie niamodtenretni tim merhi neman nett\u00e4h &#8211; tsi r\u00fcf sliam rhes hcsitkarp -, eis reba ned neman renie tdats negart dnu rehad ein eid thcissua thetseb, ssad eis eseid niamod nemmokeb nedrew? ko, eis nenn\u00f6k enie niamod tim menie ztasuz redo mehcilnh\u00e4 nelletsre, reba dnis eid nnad thcin remmi&#8230; <\/p>\n<div class=\"link-more\"><a href=\"http:\/\/www.nereud.de\/?page_id=2\">Weiterlesen<\/a><\/div>\n","protected":false},"author":2,"featured_media":0,"parent":0,"menu_order":10,"comment_status":"open","ping_status":"open","template":"","meta":{"ngg_post_thumbnail":0,"jetpack_post_was_ever_published":false,"footnotes":""},"class_list":["post-2","page","type-page","status-publish","hentry"],"jetpack_sharing_enabled":true,"jetpack_shortlink":"https:\/\/wp.me\/P9v4LZ-2","jetpack_likes_enabled":true,"jetpack-related-posts":[],"_links":{"self":[{"href":"http:\/\/www.nereud.de\/index.php?rest_route=\/wp\/v2\/pages\/2","targetHints":{"allow":["GET"]}}],"collection":[{"href":"http:\/\/www.nereud.de\/index.php?rest_route=\/wp\/v2\/pages"}],"about":[{"href":"http:\/\/www.nereud.de\/index.php?rest_route=\/wp\/v2\/types\/page"}],"author":[{"embeddable":true,"href":"http:\/\/www.nereud.de\/index.php?rest_route=\/wp\/v2\/users\/2"}],"replies":[{"embeddable":true,"href":"http:\/\/www.nereud.de\/index.php?rest_route=%2Fwp%2Fv2%2Fcomments&post=2"}],"version-history":[{"count":7,"href":"http:\/\/www.nereud.de\/index.php?rest_route=\/wp\/v2\/pages\/2\/revisions"}],"predecessor-version":[{"id":1941,"href":"http:\/\/www.nereud.de\/index.php?rest_route=\/wp\/v2\/pages\/2\/revisions\/1941"}],"wp:attachment":[{"href":"http:\/\/www.nereud.de\/index.php?rest_route=%2Fwp%2Fv2%2Fmedia&parent=2"}],"curies":[{"name":"wp","href":"https:\/\/api.w.org\/{rel}","templated":true}]}}